   {"id":1932,"date":"2025-09-08T19:36:16","date_gmt":"2025-09-08T23:36:16","guid":{"rendered":"https:\/\/ccrm-mtl.com\/ccrm\/?post_type=activite&#038;p=1932"},"modified":"2025-09-16T10:28:36","modified_gmt":"2025-09-16T14:28:36","slug":"concert-de-lorchestre-metropolitainsortileges-symphoniques","status":"publish","type":"activite","link":"https:\/\/ccrm-mtl.com\/ccrm\/activites\/concert-de-lorchestre-metropolitainsortileges-symphoniques\/","title":{"rendered":"CONCERT DE L&rsquo;ORCHESTRE M\u00c9TROPOLITAIN SORTIL\u00c8GES SYMPHONIQUES"},"content":{"rendered":"\n<p>La Conf\u00e9rence des cadres retrait\u00e9s de Montr\u00e9al vous propose d\u2019assister au concert de l&rsquo;Orchestre M\u00e9tropolitain,<strong>&nbsp;le dimanche 2 novembre \u00e0 15 h 00&nbsp;<\/strong>\u00e0 la salle de spectacle de la&nbsp;<strong>Maison de la culture Mercier <\/strong>situ\u00e9e au8105, rue Hochelaga, Montr\u00e9al. <\/p>\n\n\n\n<p>Comme nous avons un nombre limit\u00e9 de billets et que ceux-ci sont offerts gratuitement par la Conf\u00e9rence, seuls les membres et leur accompagnateur (18 ans et plus) pourront assister aux spectacles.&nbsp; <\/p>\n\n\n\n<div class=\"wp-block-group\"><div class=\"wp-block-group__inner-container is-layout-constrained wp-block-group-is-layout-constrained\">\n<figure class=\"wp-block-table\"><table class=\"has-background has-fixed-layout\" style=\"background-color:#466e6a\"><tbody><tr><td class=\"has-text-align-center\" data-align=\"center\"><strong><em><mark style=\"background-color:rgba(0, 0, 0, 0)\" class=\"has-inline-color has-white-color\">AU PROGRAMME<\/mark><\/em><\/strong><\/td><\/tr><\/tbody><\/table><\/figure>\n<\/div><\/div>\n\n\n\n<p>Les violons s\u2019agitent comme le vent qui souffle par une nuit mauvaise, les cuivres transpercent l\u2019orchestre comme les \u00e9clairs traversent le ciel, les violoncelles et contrebasses tremblent, semant la panique\u2026 Certaines \u0153uvres cr\u00e9ent en quelques mesures une atmosph\u00e8re propice \u00e0 cette p\u00e9riode de l\u2019ann\u00e9e o\u00f9 la peur et la mort sont c\u00e9l\u00e9br\u00e9es plut\u00f4t que craintes. <\/p>\n\n\n\n<p>Le Concerto pour violoncelle no 1 de Chostakovitch, avec ses passages tant\u00f4t macabres, tant\u00f4t ironiques, s\u2019ins\u00e8re parfaitement dans l\u2019ambiance de ce programme. Avec l\u2019interpr\u00e9tation du violoncelliste de renom Maximilian Hornung, de retour \u00e0 l\u2019OM apr\u00e8s ses d\u00e9buts remarquables en 2019, les \u00e9motions fortes seront au rendez-vous! <\/p>\n\n\n\n<p class=\"has-text-align-center\"><strong>Cheffe : Naomi Woo <\/strong><\/p>\n\n\n\n<p class=\"has-text-align-center\"><strong>\u0152uvres :<\/strong> <br>Franz Liszt <em>Valse de M\u00e9phisto no 1&nbsp;<\/em><br>Dmitri Chostakovitch <em>Concerto pour violoncelle no 1&nbsp;<\/em><br>Modeste Moussorgski <em>Une nuit sur le mont Chauve &nbsp; &nbsp;<\/em><br>Giuseppe Verdi <em>Macbeth, Ballet des sorci\u00e8res<\/em> &nbsp;<\/p>\n\n\n\n<figure class=\"wp-block-table\"><table class=\"has-background has-fixed-layout\" style=\"background-color:#466e6a\"><tbody><tr><td class=\"has-text-align-center\" data-align=\"center\"><strong><em><mark style=\"background-color:rgba(0, 0, 0, 0)\" class=\"has-inline-color has-white-color\"><strong><em>COMMENT R\u00c9SERVER VOS&nbsp;BILLETS<\/em><\/strong><\/mark><\/em><\/strong><\/td><\/tr><\/tbody><\/table><\/figure>\n\n\n\n<div class=\"wp-block-columns is-layout-flex wp-container-core-columns-is-layout-9d6595d7 wp-block-columns-is-layout-flex\">\n<div class=\"wp-block-column is-layout-flow wp-block-column-is-layout-flow\" style=\"flex-basis:100%\">\n<p>Pour r\u00e9server vos billets (<strong>maximum de deux par membre<\/strong>), nous vous invitons \u00e0 communiquer par courriel avec Mme Sylvie Wagner \u00e0 l\u2019adresse suivante: <a href=\"mailto:swagner@ccrn-mtl.com\">swagner@ccrm-mtl.com<\/a>, et ce, \u00e0 compter du <strong>mardi 16 septembre \u00e0 partir de 10<\/strong> <strong>h <u>et pas avant<\/u><\/strong>. Les r\u00e9servations seront trait\u00e9es selon le principe du premier arriv\u00e9, premier servi. (<em>Veuillez noter qu&rsquo;aucune demande ne sera accept\u00e9e avant la date et l&rsquo;heure indiqu\u00e9es.<\/em>)<\/p>\n\n\n\n<p>Un d\u00e9p\u00f4t de <strong>10 $<\/strong> est requis pour chaque billet. Une fois votre inscription confirm\u00e9e, vous recevrez un courriel avec les informations de paiement. Ce montant vous sera int\u00e9gralement rembours\u00e9 sur place lors de la remise du billet. Les billets seront distribu\u00e9s aux membres seulement, lors de l&rsquo;\u00e9v\u00e9nement,&nbsp;<strong>pr\u00e8s de la billetterie<\/strong>&nbsp;par&nbsp;Mme Claudette Rousseau. <\/p>\n\n\n\n<p>Merci de votre collaboration et au plaisir de vous y voir ! <\/p>\n\n\n\n<p class=\"has-text-align-center\"><strong><em>Le comit\u00e9 des activit\u00e9s sociales<\/em><\/strong><\/p>\n<\/div>\n<\/div>\n","protected":false},"excerpt":{"rendered":"<p>La Conf\u00e9rence des cadres retrait\u00e9s de Montr\u00e9al vous propose d\u2019assister au concert de l&rsquo;Orchestre M\u00e9tropolitain,&nbsp;le dimanche 2 novembre \u00e0 15 h 00&nbsp;\u00e0 la salle de spectacle de la&nbsp;Maison de la culture Mercier situ\u00e9e au8105, rue Hochelaga, Montr\u00e9al. Comme nous avons un nombre limit\u00e9 de billets et que ceux-ci sont offerts gratuitement par la Conf\u00e9rence, seuls [&hellip;]<\/p>\n","protected":false},"featured_media":1933,"template":"","genre":[15],"class_list":["post-1932","activite","type-activite","status-publish","has-post-thumbnail","hentry","genre-sorties"],"acf":{"banniere_arriereplan":1933,"banniere_soustitre":""},"_links":{"self":[{"href":"https:\/\/ccrm-mtl.com\/ccrm\/wp-json\/wp\/v2\/activite\/1932","targetHints":{"allow":["GET"]}}],"collection":[{"href":"https:\/\/ccrm-mtl.com\/ccrm\/wp-json\/wp\/v2\/activite"}],"about":[{"href":"https:\/\/ccrm-mtl.com\/ccrm\/wp-json\/wp\/v2\/types\/activite"}],"wp:featuredmedia":[{"embeddable":true,"href":"https:\/\/ccrm-mtl.com\/ccrm\/wp-json\/wp\/v2\/media\/1933"}],"wp:attachment":[{"href":"https:\/\/ccrm-mtl.com\/ccrm\/wp-json\/wp\/v2\/media?parent=1932"}],"wp:term":[{"taxonomy":"genre","embeddable":true,"href":"https:\/\/ccrm-mtl.com\/ccrm\/wp-json\/wp\/v2\/genre?post=1932"}],"curies":[{"name":"wp","href":"https:\/\/api.w.org\/{rel}","templated":true}]}}

CONCERT DE L&rsquo;ORCHESTRE MÉTROPOLITAIN SORTILÈGES SYMPHONIQUES

<p>La Conférence des cadres retraités de Montréal vous propose d’assister au concert de l&rsquo;Orchestre Métropolitain,<strong>&nbsp;le dimanche 2 novembre à 15 h 00&nbsp;</strong>à la salle de spectacle de la&nbsp;<strong>Maison de la culture Mercier </strong>située au8105, rue Hochelaga, Montréal. </p>



<p>Comme nous avons un nombre limité de billets et que ceux-ci sont offerts gratuitement par la Conférence, seuls les membres et leur accompagnateur (18 ans et plus) pourront assister aux spectacles.&nbsp; </p>



<div class="wp-block-group"><div class="wp-block-group__inner-container is-layout-constrained wp-block-group-is-layout-constrained">
<figure class="wp-block-table"><table class="has-background has-fixed-layout" style="background-color:#466e6a"><tbody><tr><td class="has-text-align-center" data-align="center"><strong><em><mark style="background-color:rgba(0, 0, 0, 0)" class="has-inline-color has-white-color">AU PROGRAMME</mark></em></strong></td></tr></tbody></table></figure>
</div></div>



<p>Les violons s’agitent comme le vent qui souffle par une nuit mauvaise, les cuivres transpercent l’orchestre comme les éclairs traversent le ciel, les violoncelles et contrebasses tremblent, semant la panique… Certaines œuvres créent en quelques mesures une atmosphère propice à cette période de l’année où la peur et la mort sont célébrées plutôt que craintes. </p>



<p>Le Concerto pour violoncelle no 1 de Chostakovitch, avec ses passages tantôt macabres, tantôt ironiques, s’insère parfaitement dans l’ambiance de ce programme. Avec l’interprétation du violoncelliste de renom Maximilian Hornung, de retour à l’OM après ses débuts remarquables en 2019, les émotions fortes seront au rendez-vous! </p>



<p class="has-text-align-center"><strong>Cheffe : Naomi Woo </strong></p>



<p class="has-text-align-center"><strong>Œuvres :</strong> <br>Franz Liszt <em>Valse de Méphisto no 1&nbsp;</em><br>Dmitri Chostakovitch <em>Concerto pour violoncelle no 1&nbsp;</em><br>Modeste Moussorgski <em>Une nuit sur le mont Chauve &nbsp; &nbsp;</em><br>Giuseppe Verdi <em>Macbeth, Ballet des sorcières</em> &nbsp;</p>



<figure class="wp-block-table"><table class="has-background has-fixed-layout" style="background-color:#466e6a"><tbody><tr><td class="has-text-align-center" data-align="center"><strong><em><mark style="background-color:rgba(0, 0, 0, 0)" class="has-inline-color has-white-color"><strong><em>COMMENT RÉSERVER VOS&nbsp;BILLETS</em></strong></mark></em></strong></td></tr></tbody></table></figure>



<div class="wp-block-columns is-layout-flex wp-container-core-columns-is-layout-9d6595d7 wp-block-columns-is-layout-flex">
<div class="wp-block-column is-layout-flow wp-block-column-is-layout-flow" style="flex-basis:100%">
<p>Pour réserver vos billets (<strong>maximum de deux par membre</strong>), nous vous invitons à communiquer par courriel avec Mme Sylvie Wagner à l’adresse suivante: <a href="mailto:swagner@ccrn-mtl.com">swagner@ccrm-mtl.com</a>, et ce, à compter du <strong>mardi 16 septembre à partir de 10</strong> <strong>h <u>et pas avant</u></strong>. Les réservations seront traitées selon le principe du premier arrivé, premier servi. (<em>Veuillez noter qu&rsquo;aucune demande ne sera acceptée avant la date et l&rsquo;heure indiquées.</em>)</p>



<p>Un dépôt de <strong>10 $</strong> est requis pour chaque billet. Une fois votre inscription confirmée, vous recevrez un courriel avec les informations de paiement. Ce montant vous sera intégralement remboursé sur place lors de la remise du billet. Les billets seront distribués aux membres seulement, lors de l&rsquo;événement,&nbsp;<strong>près de la billetterie</strong>&nbsp;par&nbsp;Mme Claudette Rousseau. </p>



<p>Merci de votre collaboration et au plaisir de vous y voir ! </p>



<p class="has-text-align-center"><strong><em>Le comité des activités sociales</em></strong></p>
</div>
</div>

<p>La Conférence des cadres retraités de Montréal vous propose d’assister au concert de l&rsquo;Orchestre Métropolitain,&nbsp;le dimanche 2 novembre à 15 h 00&nbsp;à la salle de spectacle de la&nbsp;Maison de la culture Mercier située au8105, rue Hochelaga, Montréal. Comme nous avons un nombre limité de billets et que ceux-ci sont offerts gratuitement par la Conférence, seuls [&hellip;]</p>
