   {"id":665,"date":"2023-11-29T10:17:01","date_gmt":"2023-11-29T15:17:01","guid":{"rendered":"http:\/\/siteccrm:8080\/?page_id=665"},"modified":"2026-01-13T11:40:55","modified_gmt":"2026-01-13T16:40:55","slug":"info-retraite","status":"publish","type":"page","link":"https:\/\/ccrm-mtl.com\/ccrm\/info-retraite\/","title":{"rendered":"Info-retraite"},"content":{"rendered":"\n<h2 class=\"wp-block-heading\"><mark style=\"background-color:rgba(0, 0, 0, 0)\" class=\"has-inline-color has-vivid-cyan-blue-color\"><strong>Pension s\u00e9curit\u00e9 de la vieillesse<\/strong><\/mark><\/h2>\n\n\n\n<p>Pour plus de d\u00e9tails visitez le site suivant :&nbsp;<\/p>\n\n\n\n<p><a href=\"https:\/\/www.canada.ca\/fr\/services\/prestations\/pensionspubliques\/rpc\/securite-vieillesse.html\" target=\"_blank\" rel=\"noreferrer noopener\">https:\/\/www.canada.ca\/fr\/services\/prestations\/pensionspubliques\/rpc\/securite-vieillesse.html<\/a><\/p>\n\n\n\n<h2 class=\"wp-block-heading\"><strong><mark style=\"background-color:rgba(0, 0, 0, 0)\" class=\"has-inline-color has-vivid-cyan-blue-color\">Les dates de paiement de la s\u00e9curit\u00e9 de vieillesse du Canada<\/mark><\/strong><\/h2>\n\n\n\n<h2 class=\"wp-block-heading has-text-align-center\">2026<\/h2>\n\n\n\n<figure class=\"wp-block-table\"><table><tbody><tr><td class=\"has-text-align-center\" data-align=\"center\">28 janvier 2026<\/td><td class=\"has-text-align-center\" data-align=\"center\">25 f\u00e9vrier 2026<\/td><\/tr><tr><td class=\"has-text-align-center\" data-align=\"center\">27 mars 2026<\/td><td class=\"has-text-align-center\" data-align=\"center\">28 avril 2026<\/td><\/tr><tr><td class=\"has-text-align-center\" data-align=\"center\">27 mai 2026<\/td><td class=\"has-text-align-center\" data-align=\"center\">26 juin 2026<\/td><\/tr><tr><td class=\"has-text-align-center\" data-align=\"center\">29 juillet 2026<\/td><td class=\"has-text-align-center\" data-align=\"center\">27 ao\u00fbt 2026<\/td><\/tr><tr><td class=\"has-text-align-center\" data-align=\"center\">25 septembre 2026<\/td><td class=\"has-text-align-center\" data-align=\"center\">28 octobre 2026<\/td><\/tr><tr><td class=\"has-text-align-center\" data-align=\"center\">26 novembre 2026<\/td><td class=\"has-text-align-center\" data-align=\"center\">22 d\u00e9cembre 2026<\/td><\/tr><\/tbody><\/table><figcaption class=\"wp-element-caption\"><strong>Dates de paiement 2026<\/strong><\/figcaption><\/figure>\n\n\n\n<hr class=\"wp-block-separator has-alpha-channel-opacity\"\/>\n\n\n\n<div style=\"height:40px\" aria-hidden=\"true\" class=\"wp-block-spacer\"><\/div>\n\n\n\n<h2 class=\"wp-block-heading\"><mark style=\"background-color:rgba(0, 0, 0, 0)\" class=\"has-inline-color has-vivid-cyan-blue-color\"><strong>Prestations du R\u00e9gime des rentes du Qu\u00e9bec<\/strong><\/mark><\/h2>\n\n\n\n<p>Pour plus de d\u00e9tails visitez les sites suivant :&nbsp;<\/p>\n\n\n\n<p><a href=\"http:\/\/www.rrq.gouv.qc.ca\/fr\/retraite\/rrq\/Pages\/calcul_rente.aspx\" target=\"_blank\" rel=\"noreferrer noopener\">http:\/\/www.rrq.gouv.qc.ca\/fr\/retraite\/rrq\/Pages\/calcul_rente.aspx<\/a><\/p>\n\n\n\n<p><a href=\"https:\/\/www.quebec.ca\/emploi\/planifier-gerer-carriere\/planifier-retraite\/regime-rentes-quebec\" target=\"_blank\" rel=\"noreferrer noopener\">https:\/\/www.quebec.ca\/emploi\/planifier-gerer-carriere\/planifier-retraite\/regime-rentes-quebec<\/a><\/p>\n\n\n\n<div style=\"height:40px\" aria-hidden=\"true\" class=\"wp-block-spacer\"><\/div>\n\n\n\n<h2 class=\"wp-block-heading\"><strong><mark style=\"background-color:rgba(0, 0, 0, 0)\" class=\"has-inline-color has-vivid-cyan-blue-color\">Les dates de paiement des rentes du Qu\u00e9bec<\/mark><\/strong><\/h2>\n\n\n\n<h2 class=\"wp-block-heading has-text-align-center\">2026<\/h2>\n\n\n\n<figure class=\"wp-block-table\"><table><tbody><tr><td class=\"has-text-align-center\" data-align=\"center\">30 d\u00e9cembre 2025<\/td><td class=\"has-text-align-center\" data-align=\"center\">30 janvier 2026<\/td><\/tr><tr><td class=\"has-text-align-center\" data-align=\"center\">27 f\u00e9vrier 2026<\/td><td class=\"has-text-align-center\" data-align=\"center\">31 mars 2026<\/td><\/tr><tr><td class=\"has-text-align-center\" data-align=\"center\">30 avril 2026<\/td><td class=\"has-text-align-center\" data-align=\"center\">29 mai 2026<\/td><\/tr><tr><td class=\"has-text-align-center\" data-align=\"center\">30 juin 2026<\/td><td class=\"has-text-align-center\" data-align=\"center\">31 juillet 2026<\/td><\/tr><tr><td class=\"has-text-align-center\" data-align=\"center\">31 ao\u00fbt 2026<\/td><td class=\"has-text-align-center\" data-align=\"center\">29 septembre 2026<\/td><\/tr><tr><td class=\"has-text-align-center\" data-align=\"center\">31 octobre 2026<\/td><td class=\"has-text-align-center\" data-align=\"center\">30 novembre 2026<\/td><\/tr><tr><td class=\"has-text-align-center\" data-align=\"center\">30 d\u00e9cembre 2026<\/td><td class=\"has-text-align-center\" data-align=\"center\"><\/td><\/tr><\/tbody><\/table><figcaption class=\"wp-element-caption\"><strong>Dates de paiement 2026<\/strong><\/figcaption><\/figure>\n\n\n\n<hr class=\"wp-block-separator has-alpha-channel-opacity\"\/>\n\n\n\n<div style=\"height:40px\" aria-hidden=\"true\" class=\"wp-block-spacer\"><\/div>\n\n\n\n<h2 class=\"wp-block-heading\"><mark style=\"background-color:rgba(0, 0, 0, 0)\" class=\"has-inline-color has-vivid-cyan-blue-color\">BUREAU DES R\u00c9GIMES DE RETRAITE DE MONTR\u00c9AL<\/mark><\/h2>\n\n\n\n<p>Il s&rsquo;agit d&rsquo;une entit\u00e9 administrative d\u00e9sign\u00e9e par la Ville de Montr\u00e9al pour exercer les pouvoirs et responsabilit\u00e9s administratifs qui lui ont \u00e9t\u00e9 d\u00e9l\u00e9gu\u00e9s par les comit\u00e9s de retraite et par la Commission de la caisse commune.<\/p>\n\n\n\n<p>Il a pour mandat de coordonner les diff\u00e9rentes activit\u00e9s administratives des comit\u00e9s de retraite, notamment au chapitre du secr\u00e9tariat, de la gestion des dossiers de rentes et de la comptabilit\u00e9 des caisses. Il apporte une expertise-conseil en mati\u00e8re de placements et de r\u00e9glementations. Il accompagne la Commission de la caisse commune \u00e0 laquelle certains pouvoirs et responsabilit\u00e9s associ\u00e9s \u00e0 la gestion des actifs des caisses de retraite ont \u00e9t\u00e9 d\u00e9l\u00e9gu\u00e9s.<\/p>\n\n\n\n<p>Pour plus de d\u00e9tails au sujet des services offerts par ce bureau veuillez consulter son site Internet en cliquant sur les liens suivants :<\/p>\n\n\n\n<ul class=\"wp-block-list\">\n<li><a href=\"http:\/\/retraitemontreal.qc.ca\/\" target=\"_blank\" rel=\"noreferrer noopener\">Bureau des r\u00e9gimes de retraite de Montr\u00e9al<\/a><\/li>\n\n\n\n<li><a href=\"http:\/\/retraitemtl.montreal.ca\/\" target=\"_blank\" rel=\"noreferrer noopener\">Portail du Bureau des r\u00e9gimes de retraite de Montr\u00e9al<\/a><\/li>\n<\/ul>\n\n\n\n<div style=\"height:40px\" aria-hidden=\"true\" class=\"wp-block-spacer\"><\/div>\n\n\n\n<h2 class=\"wp-block-heading\"><mark style=\"background-color:rgba(0, 0, 0, 0)\" class=\"has-inline-color has-vivid-cyan-blue-color\">Les dates de d\u00e9p\u00f4t des prestations de retraite<\/mark><\/h2>\n\n\n\n<h2 class=\"wp-block-heading has-text-align-center\">2026<\/h2>\n\n\n\n<figure class=\"wp-block-table\"><table><tbody><tr><td class=\"has-text-align-center\" data-align=\"center\">15 et&nbsp;30 janvier<\/td><td class=\"has-text-align-center\" data-align=\"center\">15 et 30 juillet<\/td><\/tr><tr><td class=\"has-text-align-center\" data-align=\"center\">13 et 27 f\u00e9vrier<\/td><td class=\"has-text-align-center\" data-align=\"center\">14 et 28 ao\u00fbt<\/td><\/tr><tr><td class=\"has-text-align-center\" data-align=\"center\">13 et 30 mars<\/td><td class=\"has-text-align-center\" data-align=\"center\">15 et&nbsp;29 septembre<\/td><\/tr><tr><td class=\"has-text-align-center\" data-align=\"center\">15 et&nbsp;30 avril<\/td><td class=\"has-text-align-center\" data-align=\"center\">15&nbsp;et&nbsp;30 octobre<\/td><\/tr><tr><td class=\"has-text-align-center\" data-align=\"center\">15 et&nbsp;29 mai<\/td><td class=\"has-text-align-center\" data-align=\"center\">13 et 30 novembre<\/td><\/tr><tr><td class=\"has-text-align-center\" data-align=\"center\">15 et&nbsp;30 juin<\/td><td class=\"has-text-align-center\" data-align=\"center\">15 et 30 d\u00e9cembre<\/td><\/tr><\/tbody><\/table><figcaption class=\"wp-element-caption\"><strong>Dates de versement des rentes au cours de l&rsquo;ann\u00e9e<\/strong><\/figcaption><\/figure>\n","protected":false},"excerpt":{"rendered":"<p>Pension s\u00e9curit\u00e9 de la vieillesse Pour plus de d\u00e9tails visitez le site suivant :&nbsp; https:\/\/www.canada.ca\/fr\/services\/prestations\/pensionspubliques\/rpc\/securite-vieillesse.html Les dates de paiement de la s\u00e9curit\u00e9 de vieillesse du Canada 2026 28 janvier 2026 25 f\u00e9vrier 2026 27 mars 2026 28 avril 2026 27 mai 2026 26 juin 2026 29 juillet 2026 27 ao\u00fbt 2026 25 septembre 2026 28 [&hellip;]<\/p>\n","protected":false},"author":2,"featured_media":1051,"parent":0,"menu_order":0,"comment_status":"closed","ping_status":"closed","template":"","meta":{"_acf_changed":false,"footnotes":""},"class_list":["post-665","page","type-page","status-publish","has-post-thumbnail","hentry"],"acf":{"banniere_arriereplan":1051,"banniere_soustitre":""},"_links":{"self":[{"href":"https:\/\/ccrm-mtl.com\/ccrm\/wp-json\/wp\/v2\/pages\/665","targetHints":{"allow":["GET"]}}],"collection":[{"href":"https:\/\/ccrm-mtl.com\/ccrm\/wp-json\/wp\/v2\/pages"}],"about":[{"href":"https:\/\/ccrm-mtl.com\/ccrm\/wp-json\/wp\/v2\/types\/page"}],"author":[{"embeddable":true,"href":"https:\/\/ccrm-mtl.com\/ccrm\/wp-json\/wp\/v2\/users\/2"}],"replies":[{"embeddable":true,"href":"https:\/\/ccrm-mtl.com\/ccrm\/wp-json\/wp\/v2\/comments?post=665"}],"version-history":[{"count":14,"href":"https:\/\/ccrm-mtl.com\/ccrm\/wp-json\/wp\/v2\/pages\/665\/revisions"}],"predecessor-version":[{"id":2004,"href":"https:\/\/ccrm-mtl.com\/ccrm\/wp-json\/wp\/v2\/pages\/665\/revisions\/2004"}],"wp:featuredmedia":[{"embeddable":true,"href":"https:\/\/ccrm-mtl.com\/ccrm\/wp-json\/wp\/v2\/media\/1051"}],"wp:attachment":[{"href":"https:\/\/ccrm-mtl.com\/ccrm\/wp-json\/wp\/v2\/media?parent=665"}],"curies":[{"name":"wp","href":"https:\/\/api.w.org\/{rel}","templated":true}]}}

<h2 class="wp-block-heading"><mark style="background-color:rgba(0, 0, 0, 0)" class="has-inline-color has-vivid-cyan-blue-color"><strong>Pension sécurité de la vieillesse</strong></mark></h2>



<p>Pour plus de détails visitez le site suivant :&nbsp;</p>



<p><a href="https://www.canada.ca/fr/services/prestations/pensionspubliques/rpc/securite-vieillesse.html" target="_blank" rel="noreferrer noopener">https://www.canada.ca/fr/services/prestations/pensionspubliques/rpc/securite-vieillesse.html</a></p>



<h2 class="wp-block-heading"><strong><mark style="background-color:rgba(0, 0, 0, 0)" class="has-inline-color has-vivid-cyan-blue-color">Les dates de paiement de la sécurité de vieillesse du Canada</mark></strong></h2>



<h2 class="wp-block-heading has-text-align-center">2026</h2>



<figure class="wp-block-table"><table><tbody><tr><td class="has-text-align-center" data-align="center">28 janvier 2026</td><td class="has-text-align-center" data-align="center">25 février 2026</td></tr><tr><td class="has-text-align-center" data-align="center">27 mars 2026</td><td class="has-text-align-center" data-align="center">28 avril 2026</td></tr><tr><td class="has-text-align-center" data-align="center">27 mai 2026</td><td class="has-text-align-center" data-align="center">26 juin 2026</td></tr><tr><td class="has-text-align-center" data-align="center">29 juillet 2026</td><td class="has-text-align-center" data-align="center">27 août 2026</td></tr><tr><td class="has-text-align-center" data-align="center">25 septembre 2026</td><td class="has-text-align-center" data-align="center">28 octobre 2026</td></tr><tr><td class="has-text-align-center" data-align="center">26 novembre 2026</td><td class="has-text-align-center" data-align="center">22 décembre 2026</td></tr></tbody></table><figcaption class="wp-element-caption"><strong>Dates de paiement 2026</strong></figcaption></figure>



<hr class="wp-block-separator has-alpha-channel-opacity"/>



<div style="height:40px" aria-hidden="true" class="wp-block-spacer"></div>



<h2 class="wp-block-heading"><mark style="background-color:rgba(0, 0, 0, 0)" class="has-inline-color has-vivid-cyan-blue-color"><strong>Prestations du Régime des rentes du Québec</strong></mark></h2>



<p>Pour plus de détails visitez les sites suivant :&nbsp;</p>



<p><a href="http://www.rrq.gouv.qc.ca/fr/retraite/rrq/Pages/calcul_rente.aspx" target="_blank" rel="noreferrer noopener">http://www.rrq.gouv.qc.ca/fr/retraite/rrq/Pages/calcul_rente.aspx</a></p>



<p><a href="https://www.quebec.ca/emploi/planifier-gerer-carriere/planifier-retraite/regime-rentes-quebec" target="_blank" rel="noreferrer noopener">https://www.quebec.ca/emploi/planifier-gerer-carriere/planifier-retraite/regime-rentes-quebec</a></p>



<div style="height:40px" aria-hidden="true" class="wp-block-spacer"></div>



<h2 class="wp-block-heading"><strong><mark style="background-color:rgba(0, 0, 0, 0)" class="has-inline-color has-vivid-cyan-blue-color">Les dates de paiement des rentes du Québec</mark></strong></h2>



<h2 class="wp-block-heading has-text-align-center">2026</h2>



<figure class="wp-block-table"><table><tbody><tr><td class="has-text-align-center" data-align="center">30 décembre 2025</td><td class="has-text-align-center" data-align="center">30 janvier 2026</td></tr><tr><td class="has-text-align-center" data-align="center">27 février 2026</td><td class="has-text-align-center" data-align="center">31 mars 2026</td></tr><tr><td class="has-text-align-center" data-align="center">30 avril 2026</td><td class="has-text-align-center" data-align="center">29 mai 2026</td></tr><tr><td class="has-text-align-center" data-align="center">30 juin 2026</td><td class="has-text-align-center" data-align="center">31 juillet 2026</td></tr><tr><td class="has-text-align-center" data-align="center">31 août 2026</td><td class="has-text-align-center" data-align="center">29 septembre 2026</td></tr><tr><td class="has-text-align-center" data-align="center">31 octobre 2026</td><td class="has-text-align-center" data-align="center">30 novembre 2026</td></tr><tr><td class="has-text-align-center" data-align="center">30 décembre 2026</td><td class="has-text-align-center" data-align="center"></td></tr></tbody></table><figcaption class="wp-element-caption"><strong>Dates de paiement 2026</strong></figcaption></figure>



<hr class="wp-block-separator has-alpha-channel-opacity"/>



<div style="height:40px" aria-hidden="true" class="wp-block-spacer"></div>



<h2 class="wp-block-heading"><mark style="background-color:rgba(0, 0, 0, 0)" class="has-inline-color has-vivid-cyan-blue-color">BUREAU DES RÉGIMES DE RETRAITE DE MONTRÉAL</mark></h2>



<p>Il s&rsquo;agit d&rsquo;une entité administrative désignée par la Ville de Montréal pour exercer les pouvoirs et responsabilités administratifs qui lui ont été délégués par les comités de retraite et par la Commission de la caisse commune.</p>



<p>Il a pour mandat de coordonner les différentes activités administratives des comités de retraite, notamment au chapitre du secrétariat, de la gestion des dossiers de rentes et de la comptabilité des caisses. Il apporte une expertise-conseil en matière de placements et de réglementations. Il accompagne la Commission de la caisse commune à laquelle certains pouvoirs et responsabilités associés à la gestion des actifs des caisses de retraite ont été délégués.</p>



<p>Pour plus de détails au sujet des services offerts par ce bureau veuillez consulter son site Internet en cliquant sur les liens suivants :</p>



<ul class="wp-block-list">
<li><a href="http://retraitemontreal.qc.ca/" target="_blank" rel="noreferrer noopener">Bureau des régimes de retraite de Montréal</a></li>



<li><a href="http://retraitemtl.montreal.ca/" target="_blank" rel="noreferrer noopener">Portail du Bureau des régimes de retraite de Montréal</a></li>
</ul>



<div style="height:40px" aria-hidden="true" class="wp-block-spacer"></div>



<h2 class="wp-block-heading"><mark style="background-color:rgba(0, 0, 0, 0)" class="has-inline-color has-vivid-cyan-blue-color">Les dates de dépôt des prestations de retraite</mark></h2>



<h2 class="wp-block-heading has-text-align-center">2026</h2>



<figure class="wp-block-table"><table><tbody><tr><td class="has-text-align-center" data-align="center">15 et&nbsp;30 janvier</td><td class="has-text-align-center" data-align="center">15 et 30 juillet</td></tr><tr><td class="has-text-align-center" data-align="center">13 et 27 février</td><td class="has-text-align-center" data-align="center">14 et 28 août</td></tr><tr><td class="has-text-align-center" data-align="center">13 et 30 mars</td><td class="has-text-align-center" data-align="center">15 et&nbsp;29 septembre</td></tr><tr><td class="has-text-align-center" data-align="center">15 et&nbsp;30 avril</td><td class="has-text-align-center" data-align="center">15&nbsp;et&nbsp;30 octobre</td></tr><tr><td class="has-text-align-center" data-align="center">15 et&nbsp;29 mai</td><td class="has-text-align-center" data-align="center">13 et 30 novembre</td></tr><tr><td class="has-text-align-center" data-align="center">15 et&nbsp;30 juin</td><td class="has-text-align-center" data-align="center">15 et 30 décembre</td></tr></tbody></table><figcaption class="wp-element-caption"><strong>Dates de versement des rentes au cours de l&rsquo;année</strong></figcaption></figure>

<p>Pension sécurité de la vieillesse Pour plus de détails visitez le site suivant :&nbsp; https://www.canada.ca/fr/services/prestations/pensionspubliques/rpc/securite-vieillesse.html Les dates de paiement de la sécurité de vieillesse du Canada 2026 28 janvier 2026 25 février 2026 27 mars 2026 28 avril 2026 27 mai 2026 26 juin 2026 29 juillet 2026 27 août 2026 25 septembre 2026 28 [&hellip;]</p>
