   {"id":779,"date":"2024-02-27T14:32:56","date_gmt":"2024-02-27T19:32:56","guid":{"rendered":"http:\/\/siteccrm:8080\/?page_id=779"},"modified":"2026-04-20T14:15:33","modified_gmt":"2026-04-20T18:15:33","slug":"mot-du-president","status":"publish","type":"page","link":"https:\/\/ccrm-mtl.com\/ccrm\/a-propos\/mot-du-president\/","title":{"rendered":"Mot du pr\u00e9sident"},"content":{"rendered":"\n<div class=\"wp-block-columns is-layout-flex wp-container-core-columns-is-layout-9d6595d7 wp-block-columns-is-layout-flex\">\n<div class=\"wp-block-column is-layout-flow wp-block-column-is-layout-flow\" style=\"flex-basis:80%\">\n<p>La Conf\u00e9rence des Cadres retrait\u00e9s de la Ville de Montr\u00e9al (CCRM) a \u00e9t\u00e9 constitu\u00e9e \u00e0 l\u2019automne 1993 comme organisme sans but lucratif lucratif<strong> <\/strong>mais a d\u00e9but\u00e9 ses activit\u00e9s officiellement en 1994. Elle est reconnue par la Ville comme \u00e9tant porte-parole des cadres retrait\u00e9s en mati\u00e8re de retraite et d\u2019assurance collective. De plus, elle constitue un lien entre les cadres retrait\u00e9s et elle leur permet en participant \u00e0 ses activit\u00e9s de renouer avec leurs anciens coll\u00e8gues. Pour toutes ces raisons, je vous invite \u00e0 vous y inscrire et \u00e0 venir partager avec nous des moments inoubliables.<\/p>\n<\/div>\n\n\n\n<div class=\"wp-block-column is-layout-flow wp-block-column-is-layout-flow\"><\/div>\n\n\n\n<div class=\"wp-block-column is-layout-flow wp-block-column-is-layout-flow\" style=\"flex-basis:50%\"><\/div>\n<\/div>\n\n\n\n<div style=\"height:15px\" aria-hidden=\"true\" class=\"wp-block-spacer\"><\/div>\n\n\n\n<p><br>Pr\u00e9sident de la CCRM<\/p>\n","protected":false},"excerpt":{"rendered":"<p>La Conf\u00e9rence des Cadres retrait\u00e9s de la Ville de Montr\u00e9al (CCRM) a \u00e9t\u00e9 constitu\u00e9e \u00e0 l\u2019automne 1993 comme organisme sans but lucratif lucratif mais a d\u00e9but\u00e9 ses activit\u00e9s officiellement en 1994. Elle est reconnue par la Ville comme \u00e9tant porte-parole des cadres retrait\u00e9s en mati\u00e8re de retraite et d\u2019assurance collective. De plus, elle constitue un [&hellip;]<\/p>\n","protected":false},"author":2,"featured_media":0,"parent":117,"menu_order":0,"comment_status":"closed","ping_status":"closed","template":"","meta":{"_acf_changed":false,"footnotes":""},"class_list":["post-779","page","type-page","status-publish","hentry"],"acf":{"banniere_arriereplan":"","banniere_soustitre":""},"_links":{"self":[{"href":"https:\/\/ccrm-mtl.com\/ccrm\/wp-json\/wp\/v2\/pages\/779","targetHints":{"allow":["GET"]}}],"collection":[{"href":"https:\/\/ccrm-mtl.com\/ccrm\/wp-json\/wp\/v2\/pages"}],"about":[{"href":"https:\/\/ccrm-mtl.com\/ccrm\/wp-json\/wp\/v2\/types\/page"}],"author":[{"embeddable":true,"href":"https:\/\/ccrm-mtl.com\/ccrm\/wp-json\/wp\/v2\/users\/2"}],"replies":[{"embeddable":true,"href":"https:\/\/ccrm-mtl.com\/ccrm\/wp-json\/wp\/v2\/comments?post=779"}],"version-history":[{"count":6,"href":"https:\/\/ccrm-mtl.com\/ccrm\/wp-json\/wp\/v2\/pages\/779\/revisions"}],"predecessor-version":[{"id":2034,"href":"https:\/\/ccrm-mtl.com\/ccrm\/wp-json\/wp\/v2\/pages\/779\/revisions\/2034"}],"up":[{"embeddable":true,"href":"https:\/\/ccrm-mtl.com\/ccrm\/wp-json\/wp\/v2\/pages\/117"}],"wp:attachment":[{"href":"https:\/\/ccrm-mtl.com\/ccrm\/wp-json\/wp\/v2\/media?parent=779"}],"curies":[{"name":"wp","href":"https:\/\/api.w.org\/{rel}","templated":true}]}}

Mot du président

<div class="wp-block-columns is-layout-flex wp-container-core-columns-is-layout-9d6595d7 wp-block-columns-is-layout-flex">
<div class="wp-block-column is-layout-flow wp-block-column-is-layout-flow" style="flex-basis:80%">
<p>La Conférence des Cadres retraités de la Ville de Montréal (CCRM) a été constituée à l’automne 1993 comme organisme sans but lucratif lucratif<strong> </strong>mais a débuté ses activités officiellement en 1994. Elle est reconnue par la Ville comme étant porte-parole des cadres retraités en matière de retraite et d’assurance collective. De plus, elle constitue un lien entre les cadres retraités et elle leur permet en participant à ses activités de renouer avec leurs anciens collègues. Pour toutes ces raisons, je vous invite à vous y inscrire et à venir partager avec nous des moments inoubliables.</p>
</div>



<div class="wp-block-column is-layout-flow wp-block-column-is-layout-flow"></div>



<div class="wp-block-column is-layout-flow wp-block-column-is-layout-flow" style="flex-basis:50%"></div>
</div>



<div style="height:15px" aria-hidden="true" class="wp-block-spacer"></div>



<p><br>Président de la CCRM</p>

<p>La Conférence des Cadres retraités de la Ville de Montréal (CCRM) a été constituée à l’automne 1993 comme organisme sans but lucratif lucratif mais a débuté ses activités officiellement en 1994. Elle est reconnue par la Ville comme étant porte-parole des cadres retraités en matière de retraite et d’assurance collective. De plus, elle constitue un [&hellip;]</p>
